 tens digit of i(6)?
7
Let l(j) = -j - 10. What is the units digit of l(-11)?
1
Let s be 18/5 - 6/(-15). Suppose t + 2*t = -5*u + 109, -3*u = -s*t + 97. What is the units digit of t?
8
Let r = 96 - 55. What is the tens digit of r?
4
Let v = -4 + 10. What is the units digit of v?
6
Suppose v = -0*v + 5. Suppose 44 = -y + v*y. What is the tens digit of y?
1
Let c(r) = r**2 + 16*r + 10. Let y be c(-13). Let j = 72 + y. What is the tens digit of j?
4
What is the units digit of (-45)/(-5)*50/6?
5
Let d be (-14*(-2)/(-4))/1. Let z = d - -11. What is the units digit of z?
4
Suppose 0 = -3*k + 2*k - 7. Let n(c) = c**2 + 5*c + 12. What is the tens digit of n(k)?
2
Let n = 0 + 2. Suppose -3*s + 34 = -5*h, -2*s = -5*h - 6 - 25. Suppose s*p = -2*f + 5, -2*p - f + n = f. What is the units digit of p?
3
Let f(l) = -1 - 3*l - 2*l + 2*l + 2*l. What is the units digit of f(-7)?
6
Let w(g) = -2*g - 3. Suppose -4 = 5*p + 11. What is the units digit of w(p)?
3
Let l(y) be the third derivative of -y**6/120 + y**5/10 + 3*y**4/8 - 3*y**3/2 - 2*y**2. What is the units digit of l(7)?
5
Let q = 32 - 16. Suppose y = -y + q. What is the units digit of y?
8
Let v(x) = x + 1. Let p be v(5). Let q = 8 - p. What is the units digit of 1*10 + q + -4?
8
Let q(c) be the third derivative of c**4/6 - c**3/2 + 3*c**2. Let w be q(2). Suppose 0*g - 3*g = 4*y - 17, -2*g = w*y - 16. What is the units digit of y?
2
Let m = -37 + 87. Suppose -m = -2*h + 34. What is the units digit of h?
2
Suppose s = -5*d + 1525, 6*s = 2*s - 20. What is the hundreds digit of d?
3
Suppose -2*q = 3*b - 33, -2*q + b + 36 = 5*b. Let v be (-3)/q - 159/(-12). Suppose -r + v = 4. What is the units digit of r?
9
Suppose 0 = -5*o + 6*y - 5*y + 18, y + 14 = 4*o. What is the units digit of o?
4
Let n(b) = b**3 - 11*b**2 + 12*b + 4. Let o be n(10). Let h = 10 + -6. Suppose h*l - o = -0. What is the units digit of l?
6
Let n be (1/3)/(-1)*-12. Let b be -2 + (-4)/(n/3). What is the units digit of (-5)/20 - b/4?
1
Let m be 8/28 + 2/(-7). Suppose m = -5*r + 4*s + 44, -r - s = 2*r - 40. What is the units digit of r?
2
Let x(u) = 7*u - 6 - 2 + 4*u - 4*u. What is the units digit of x(6)?
4
Let d(v) = 2*v**3 + 2*v**2 - v. Let s be d(1). Let n(a) = -a**s + 15 - 7*a**2 + 2*a - 6 + 6*a. What is the units digit of n(-8)?
9
Let c = -4 - 0. What is the units digit of (c/6)/((-4)/24)?
4
Let h(y) = -y**2 - 34*y - 42. What is the units digit of h(-10)?
8
Let n(o) = 6*o**2 + 5*o + 12. What is the tens digit of n(7)?
4
Let v(f) = -19*f + 17. Let p(m) = 10*m - 9. Let g(c) = -11*p(c) - 6*v(c). Let w be g(2). Let b = w - -6. What is the tens digit of b?
1
Let u be 10/(-55) + (-1206)/22. Let l = u + 79. What is the tens digit of l?
2
Suppose -2*z - z - 54 = 0. Let y = z + 39. What is the units digit of y?
1
Suppose 3*r - 29 = 5*c, 37 + 6 = 5*r - 3*c. Let g = 3 + r. What is the tens digit of g?
1
Let z = 212 - 117. What is the units digit of z/15 - (-2)/3?
7
What is the hundreds digit of -11 + 11 + (117 - -3)?
1
Let i(w) = 0*w**2 - 5 - w + 14*w**2 + 6 + 2*w. Suppose 0 = 3*r - 0 + 3. What is the tens digit of i(r)?
1
Suppose 2*n + v = -3, -3*n - v = 3*v + 12. Suppose -2*p + 1 + 13 = n. What is the units digit of p?
7
Let s(x) = -408*x**3 - x**2 - x. Let c be s(-1). What is the units digit of 4/14 + c/42?
0
Let b = -1 - -12. What is the units digit of b?
1
Let o(j) = j + 9. Let p be o(-4). Suppose -3*w - p*s = -7, 5*s + 6 = 4*w - 50. What is the units digit of w?
9
Suppose 5*g = 3*g + 118. What is the tens digit of g?
5
Suppose -t + 135 = -0*t. Suppose -7*w + 2*w = t. Let d = w - -41. What is the tens digit of d?
1
Let v be (-18)/(-7) + 3/7. Suppose -17 - 11 = -4*m + 2*t, -v*m + 4*t + 31 = 0. What is the units digit of m?
5
Let j(r) = 8*r**2 - 2. Let v be j(3). Suppose 5*n = 3*u + v, -4*u = -3*n + 18 + 35. What is the units digit of n?
1
Suppose -9*t + 7*t = -164. What is the units digit of t?
2
Suppose 1 + 3 = -4*a, 2*a = 3*l - 230. What is the tens digit of l?
7
Let x(h) = h**2 - 10*h - 9. Let q be x(10). Let y = q - -16. Let c(n) = n**3 - 7*n**2 + 2*n + 3. What is the units digit of c(y)?
7
Let w(v) be the second derivative of -v**7/2520 + v**6/144 - v**5/30 - v**4/12 + v. Let b(f) be the third derivative of w(f). What is the units digit of b(3)?
2
Let x = -11 - -109. What is the tens digit of x?
9
Let z(q) = q**3 + 3*q**2 - 3*q + 5. Suppose 24 = -3*c + 4*b, 0 = 5*c - 0*b - 2*b + 26. What is the units digit of z(c)?
1
Let b = 12 - -8. What is the tens digit of b?
2
Suppose -2*l + 7 = -3. Suppose -47 + 7 = -l*o. What is the units digit of o?
8
Suppose -4*h + 1 = d, d - 5*h - 3 + 2 = 0. Let u = d + -1. Suppose u = o - 4 - 3. What is the units digit of o?
7
Let t = -107 - -169. What is the units digit of t?
2
Suppose 3*g + 0*g - 3 = 0. Suppose g = 2*t - 7. Suppose -t*z + 88 = 3*q - 0*q, 3*z - 61 = -q. What is the units digit of z?
9
Suppose -r + 19 = -l + 4*l, l - 2*r - 4 = 0. Suppose -j = -l*j + 45. What is the units digit of j?
9
Suppose -9*y = -4*y. Suppose y = -0*i + 4*i. Suppose -2*w = -i*w - 2. What is the units digit of w?
1
Let y(m) = 2*m - 4*m + 2 - 10*m - 2*m. What is the tens digit of y(-2)?
3
Suppose -c = p - 173, -3*p - 2*c = -0*p - 518. What is the hundreds digit of p?
1
Suppose -g - 284 = -3*q, -2*g + 278 = 2*q + q. What is the tens digit of q?
9
What is the tens digit of (15/9)/(5/465)?
5
Let f(h) = 5*h + 3. Let c be f(-3). Let i(a) = -a**2 - 16*a - 6. What is the tens digit of i(c)?
4
Suppose 0 = -4*a - 8, 0 = -2*f - 3*f + 2*a + 14. Suppose -f*g + 5*g = 15. Suppose -5*i = -g*b - 104 - 6, 14 = i + b. What is the units digit of i?
8
Suppose 15*r - 10*r = 20. What is the units digit of r?
4
Suppose -4*t - t = -15. Suppose t*u = 7*u - 44. What is the units digit of u?
1
Let m(l) = 8*l - 2. Let u be m(2). Let n be (-2)/4 - (-7)/u. Suppose n*k + 5*k - 30 = 0. What is the units digit of k?
6
Let y(h) = -11*h + 4. Let o be y(2). Let c = 20 - o. What is the units digit of c?
8
Let h(i) = -10*i - 7. What is the tens digit of h(-7)?
6
Suppose 4*b = 2*b + 172. Suppose 14 - b = -3*i. What is the tens digit of i?
2
Suppose -d - 2*v + 6*v - 8 = 0, -d - 4*v + 8 = 0. Suppose 4*i + d*p = 3*p - 8, 5*i = 3*p - 7. What is the units digit of i?
1
Suppose -10*d = -11*d + 168. What is the hundreds digit of d?
1
Suppose p + 2 = 3*p. What is the units digit of ((-24)/(-3) - -2) + p?
1
Suppose 3*v = 4*v - 99. What is the units digit of v?
9
Let d = 11 - 6. Let r be ((-81)/15)/((-1)/d). Suppose -5*z = -2*z - r. What is the units digit of z?
9
Let y = -17 + 26. What is the units digit of y?
9
Let p be (-4)/6*(-90)/4. Suppose n - p = -5*u, 3*u = u - 4*n + 6. What is the units digit of u?
3
Let c(l) = -l**3 + 3*l**2 - 2. Let o be c(3). Let q = 5 + o. What is the units digit of q?
3
Suppose 180 = p - g - g, -p + 210 = 4*g. Suppose r + 4*r - p = 0. What is the units digit of r?
8
Let j(z) = 15*z + 7. Let o be j(-9). What is the units digit of 20/(-90) - o/9?
4
Suppose 3*w + k - 331 = 6*k, -5*k - 443 = -4*w. What is the units digit of w?
2
Let q be ((-6)/(-9))/((-1)/(-6)). Suppose r = q*r - 48. What is the units digit of r?
6
Let v = 64 + -28. What is the tens digit of v?
3
Suppose -c + 3 = -0*c. Suppose -3*m = -o - 25, -5*o = c*m - 0*o - 37. Suppose x + m = 4*s, x - s = -4*s + 12. What is the units digit of x?
3
Let j = 204 + -110. What is the tens digit of ((-1)/(-2) - 0)*j?
4
Let q be 4 + 3*2/(-3). Suppose 0 = q*m - m - 12. What is the units digit of m?
2
Let y(n) = n**3 + 9*n**2 + 8*n + 3. Let w be y(-8). Let z(p) = -11*p + 13. Let q(i) = -17*i + 20. Let d(f) = 5*q(f) - 8*z(f). What is the units digit of d(w)?
5
What is the tens digit of (-43)/(-2) + (-4)/(-8)?
2
Let w(s) = -2*s - 7. Let j be w(-5). Let c = -13 + j. Let b(n) = -n. What is the units digit of b(c)?
0
Suppose 5*m - 966 = -3*k, -5*m - 4*k = -m - 768. What is the hundreds digit of m?
1
Let a(p) be the second derivative of p**3/6 + p**2/2 + 3*p. Let d(t) = t**3 - 6*t**2 + 5*t + 5. Let r be d(5). What is the units digit of a(r)?
6
Let x(t) = 4*t + 3. Let p(b) = 2*b + 2. Let i(a) = -9*p(a) + 4*x(a). Let c be i(-6). What is the units digit of ((-6)/(-9))/(4/c)?
1
Let w(s) = s**2 + 12*s - 31. What is the hundreds digit of w(8)?
1
What is the units digit of (-203)/14*(-2 - 0)?
9
Let j(t) = -t*